 highest common factor of 23 and 13.
1
What is the highest common divisor of 81 and 9?
9
What is the highest common divisor of 6106 and 142?
142
What is the highest common divisor of 7 and 14?
7
What is the greatest common factor of 18407 and 932?
233
What is the greatest common factor of 161 and 46?
23
Calculate the greatest common factor of 285 and 4617.
57
Calculate the greatest common factor of 124 and 62.
62
Calculate the greatest common divisor of 11506 and 132.
22
Calculate the highest common divisor of 135 and 2190.
15
What is the highest common divisor of 12780 and 120?
60
Calculate the highest common factor of 35 and 945.
35
What is the greatest common factor of 36 and 15354?
18
What is the greatest common divisor of 4428 and 216?
108
Calculate the greatest common divisor of 19 and 133.
19
Calculate the greatest common divisor of 42 and 12.
6
Calculate the highest common divisor of 351 and 39.
39
What is the greatest common divisor of 132 and 12?
12
What is the greatest common factor of 273 and 1001?
91
What is the highest common divisor of 66 and 176?
22
What is the greatest common factor of 128 and 14704?
16
What is the greatest common factor of 672 and 252?
84
What is the highest common factor of 4454 and 34?
34
Calculate the greatest common factor of 4961 and 121.
121
Calculate the greatest common factor of 10 and 535.
5
Calculate the highest common divisor of 138 and 92.
46
What is the greatest common factor of 319 and 4031?
29
Calculate the greatest common factor of 128 and 144.
16
Calculate the greatest common divisor of 40 and 664.
8
Calculate the greatest common divisor of 360 and 54.
18
What is the greatest common factor of 30 and 6330?
30
What is the highest common divisor of 148 and 888?
148
What is the highest common factor of 8 and 164?
4
What is the highest common factor of 32 and 1376?
32
Calculate the highest common factor of 16 and 6960.
16
Calculate the highest common divisor of 4 and 888.
4
What is the greatest common divisor of 1930 and 10?
10
Calculate the highest common factor of 3 and 125.
1
What is the greatest common divisor of 13 and 988?
13
What is the highest common divisor of 60 and 480?
60
Calculate the greatest common divisor of 53 and 9.
1
What is the highest common factor of 1199 and 327?
109
Calculate the greatest common factor of 162 and 1026.
54
What is the highest common divisor of 64611 and 27?
27
What is the highest common divisor of 100 and 500?
100
Calculate the greatest common factor of 30 and 1030.
10
Calculate the greatest common divisor of 900 and 50.
50
Calculate the greatest common factor of 10020 and 60.
60
Calculate the highest common divisor of 120 and 2700.
60
Calculate the highest common divisor of 592 and 37.
37
Calculate the greatest common divisor of 34 and 6.
2
Calculate the greatest common divisor of 27 and 9189.
9
Calculate the highest common factor of 156 and 6396.
156
What is the highest common factor of 287 and 164?
41
Calculate the greatest common factor of 1268 and 4.
4
Calculate the highest common divisor of 172 and 28.
4
What is the highest common factor of 304 and 19?
19
Calculate the greatest common divisor of 95 and 5.
5
What is the greatest common divisor of 3197 and 278?
139
What is the greatest common factor of 108 and 594?
54
Calculate the greatest common divisor of 153 and 3141.
9
Calculate the greatest common divisor of 508 and 889.
127
What is the greatest common factor of 9760 and 32?
32
Calculate the greatest common factor of 2558 and 2.
2
Calculate the greatest common divisor of 44243 and 151.
151
Calculate the highest common factor of 153 and 198.
9
What is the greatest common divisor of 12 and 10056?
12
Calculate the highest common factor of 33 and 2673.
33
Calculate the highest common factor of 3178 and 49.
7
What is the greatest common factor of 51 and 119?
17
What is the greatest common divisor of 525 and 399?
21
What is the highest common factor of 3 and 48?
3
Calculate the greatest common divisor of 2173 and 164.
41
Calculate the greatest common factor of 564 and 6345.
141
What is the highest common divisor of 448 and 868?
28
Calculate the greatest common factor of 10 and 190.
10
Calculate the highest common divisor of 16271 and 53.
53
What is the highest common divisor of 46 and 4?
2
Calculate the highest common divisor of 12793 and 22.
11
Calculate the greatest common factor of 255 and 135.
15
Calculate the greatest common divisor of 15 and 483.
3
What is the highest common factor of 1388 and 9369?
347
What is the greatest common factor of 869 and 11?
11
What is the highest common factor of 55 and 22?
11
Calculate the highest common factor of 44 and 946.
22
Calculate the greatest common divisor of 440 and 116.
4
Calculate the highest common factor of 60 and 2580.
60
What is the greatest common factor of 267 and 890?
89
What is the highest common factor of 736 and 16?
16
What is the greatest common divisor of 22 and 363?
11
What is the greatest common divisor of 7093 and 205?
41
What is the greatest common factor of 34 and 3213?
17
Calculate the highest common divisor of 18746 and 13.
13
Calculate the highest common divisor of 179 and 1.
1
What is the greatest common divisor of 23 and 5543?
23
Calculate the highest common factor of 96186 and 34.
34
What is the greatest common factor of 13375 and 100?
25
What is the highest common factor of 56 and 10612?
28
Calculate the highest common divisor of 199 and 8.
1
Calculate the greatest common factor of 1086 and 54.
6
Calculate the greatest common factor of 1955 and 425.
85
Calculate the greatest common divisor of 247 and 133.
19
What is the highest common factor of 529 and 23?
23
What is the greatest common factor of 10 and 2410?
10
Calculate the greatest common factor of 24 and 216.
24
What is the greatest common divisor of 133 and 171?
19
What is the greatest common factor of 99 and 6567?
33
What is the greatest common divisor of 39 and 741?
39
Calculate the greatest common factor of 34 and 2720.
34
Calculate the highest common factor of 116 and 1276.
116
Calculate the highest common factor of 1450 and 116.
58
Calculate the highest common divisor of 46 and 529.
23
Calculate the highest common divisor of 28 and 30548.
28
Calculate the highest common factor of 2044 and 7.
7
What is the highest common factor of 196 and 182?
14
What is the greatest common divisor of 1272 and 360?
24
Calculate the greatest common divisor of 324 and 36.
36
What is the greatest common divisor of 2 and 44?
2
What is the highest common divisor of 202 and 505?
101
Calculate the highest common factor of 10319 and 34.
17
Calculate the greatest common factor of 385 and 2420.
55
What is the greatest common divisor of 136 and 24616?
136
What is the highest common factor of 255 and 15?
15
Calculate the greatest common factor of 144 and 36.
36
Calculate the greatest common divisor of 387 and 198.
9
What is the greatest common divisor of 96 and 352?
32
Calculate the greatest common divisor of 418 and 114.
38
What is the greatest common factor of 360 and 765?
45
Calculate the greatest common divisor of 44 and 1408.
44
What is the greatest common factor of 371 and 2279?
53
What is the greatest common divisor of 1034 and 282?
94
Calculate the highest common divisor of 222 and 24.
6
Calculate the highest common divisor of 10919 and 716.
179
What is the highest common divisor of 32 and 58?
2
Calculate the highest common divisor of 180 and 1530.
90
What is the highest common factor of 136 and 119?
17
Calculate the greatest common factor of 2048 and 80.
16
Calculate the highest common factor of 425 and 25.
25
Calculate the greatest common divisor of 2334 and 6.
6
Calculate the greatest common factor of 225 and 75.
75
Calculate the highest common divisor of 5 and 125.
5
What is the greatest common factor of 432 and 384?
48
What is the greatest common divisor of 3145 and 1110?
185
What is the greatest common factor of 1122 and 3876?
102
Calculate the greatest common divisor of 80 and 40.
40
What is the highest common divisor of 50 and 7450?
50
Calculate the highest common divisor of 18 and 42.
6
Calculate the greatest common divisor of 110 and 2002.
22
What is the greatest common divisor of 96 and 1416?
24
What is the highest common factor